{"id":202,"date":"2010-04-06T18:01:19","date_gmt":"2010-04-06T18:01:19","guid":{"rendered":"http:\/\/alfa.tkk.net.pl\/?page_id=202"},"modified":"2014-06-13T11:57:37","modified_gmt":"2014-06-13T11:57:37","slug":"o-tkk","status":"publish","type":"page","link":"https:\/\/www.tkk.net.pl\/index.php\/o-tkk\/","title":{"rendered":"O TKK"},"content":{"rendered":"<p><img decoding=\"async\" src=\"http:\/\/www.tkk.net.pl\/wp-content\/uploads\/2010\/03\/tkk.jpg\" bebiknurek=\"\" style=\"width: 203px; height: 203px; float: left; padding-right: 10px;\"><\/p>\n<p style=\"text-align: justify;\">Telewizja Kablowa Koszalin Sp z o.o.  powsta\u0142a w 1994 r.. \u015awiadczy us\u0142ugi w zakresie szerokopasmowej sieci teletransmisji, w dziedzinie budowy sieci TVK, przesy\u0142\u00f3w program\u00f3w radiowo-telewizyjnych, produkcji i nadawania materia\u0142\u00f3w telewizyjnych oraz szerokopasmowego, ca\u0142odobowego dost\u0119pu do Internetu. TKK realizuje te\u017c codziennie 2-godzinny program w\u0142asny TV Max,  lokalny program informacyjny, kt\u00f3ry jest emitowany od poniedzia\u0142ku do niedzieli.<\/p>\n<p style=\"text-align: justify;\">\n<p style=\"text-align: justify;\">Telewizja Kablowa Koszalin Sp. z o.o. widzi potrzeb\u0119 ci\u0105g\u0142ych inwestycji , kt\u00f3re zwi\u0105zane s\u0105 ze zmianami, jakie obserwuje si\u0119 ju\u017c na rynku telekomunikacyjnym nie tylko w kraju, ale i za granic\u0105. Pozostaje on pod wp\u0142ywem zjawiska konwergencji, czyli \u0142\u0105czenia us\u0142ug telefonicznych, internetowych oraz telewizyjnych w pakiet TRIPLE PLAY, oferowany przez jednego operatora. Jest to cel, do kt\u00f3rego d\u0105\u017c\u0105 operatorzy (w tym TKK), chc\u0105cy skutecznie dzia\u0142a\u0107 na rynku i zapewni\u0107 sobie lojalno\u015b\u0107 klienta.<\/p>\n<p style=\"text-align: justify;\">Opr\u00f3cz realizacji celu nadrz\u0119dnego czyli wprowadzenia us\u0142ugi TRIPLE PLAY, zamierzeniem TKK jest zmiana transmisji telewizyjnych analogowych na cyfrowe, stopniowa rezygnacja z oferty analogowej, a\u017c do ca\u0142kowitej likwidacji transmisji analogowej w roku 2015<\/p>\n<h4><\/h4>\n<p style=\"text-align: justify;\"><strong>Nagrody i wyr\u00f3\u017cnienia:<\/strong><\/p>\n<p style=\"text-align: justify;\"><strong>Koszali\u0144ski Denar 2004<\/strong> &#8211; w kategorii ma\u0142e przedsi\u0119biorstwa organizator Koszali\u0144ska Izba Przemys\u0142owo-Handlowa<\/p>\n<p style=\"text-align: justify;\"><strong>Us\u0142uga Roku 2005<\/strong> &#8211; organizator Naczelna organizacja Techniczna w Koszalinie za us\u0142ug\u0119 dostarczania internetu<\/p>\n<p style=\"text-align: justify;\"><strong>Og\u00f3lnopolski Konkurs Media 2003<\/strong> &#8211; organizator Urz\u0105d Komitetu Integracji Europejskiej  &#8211; wyr\u00f3\u017cnienie w postaci dofinansowania program\u00f3w edukacyjnych<\/p>\n<p style=\"text-align: justify;\"><strong><a href=\"http:\/\/alfa.tkk.net.pl\/index.php\/aktualnosci\/#177\">Gazele Biznesu 2006<\/a><\/strong> \u2013 organizator dziennik \u201ePuls Biznesu\u201d oraz wywiadowni\u0119 gospodarcz\u0105 nagroda dla najpr\u0119\u017cniej rozwijaj\u0105cych si\u0119 firm w Polsce<\/p>\n<p style=\"text-align: justify;\"><strong><a href=\"http:\/\/alfa.tkk.net.pl\/index.php\/aktualnosci\/#184\">Diamenty 2009<\/a><\/strong> \u2013 organizator miesi\u0119cznik Forbes w kategorii firm o poziomie przychod\u00f3w 5 -50 mln z\u0142 w wojew\u00f3dztwie zachodniopomorskim<\/p>\n<p style=\"text-align: justify;\"><strong><a href=\"http:\/\/alfa.tkk.net.pl\/index.php\/aktualnosci\/#177\">Gazela Biznesu 2006 i 2008<\/a><\/strong> czyli przedsi\u0119biorstw, kt\u00f3re osiagaj\u0105 bardzo dobre wyniki finansowe, dynamicznie si\u0119 rozwijaj\u0105 oraz s\u0105 rzetelnymi partnerami biznesowymi, organizowanym przez redakcj\u0119 dziennika &#8222;Puls Biznesu&#8221; i wywiadowni\u0119 gospodarcz\u0105 Coface Poland<\/p>\n<h4><\/h4>\n<h4><\/h4>\n<h4><\/h4>\n<h4><\/h4>\n<h4><\/h4>\n<h4><\/h4>\n<h4><\/h4>\n<h4><\/h4>\n<h4><\/h4>\n<h4><\/h4>\n<h4><\/h4>\n<h4><\/h4>\n<h4><\/h4>\n<h4><\/h4>\n<h4><\/h4>\n<h4><\/h4>\n","protected":false},"excerpt":{"rendered":"<p>Telewizja Kablowa Koszalin Sp z o.o. powsta\u0142a w 1994 r.. \u015awiadczy us\u0142ugi w zakresie szerokopasmowej sieci teletransmisji, w dziedzinie budowy sieci TVK, przesy\u0142\u00f3w program\u00f3w radiowo-telewizyjnych, produkcji i nadawania materia\u0142\u00f3w telewizyjnych oraz szerokopasmowego, ca\u0142odobowego dost\u0119pu do Internetu. TKK realizuje te\u017c codziennie 2-godzinny program w\u0142asny TV Max, lokalny program informacyjny, kt\u00f3ry jest emitowany od poniedzia\u0142ku do niedzieli. [&hellip;]<\/p>\n","protected":false},"author":1,"featured_media":0,"parent":0,"menu_order":0,"comment_status":"open","ping_status":"open","template":"","meta":{"footnotes":""},"class_list":["post-202","page","type-page","status-publish","hentry"],"_links":{"self":[{"href":"https:\/\/www.tkk.net.pl\/index.php\/wp-json\/wp\/v2\/pages\/202"}],"collection":[{"href":"https:\/\/www.tkk.net.pl\/index.php\/wp-json\/wp\/v2\/pages"}],"about":[{"href":"https:\/\/www.tkk.net.pl\/index.php\/wp-json\/wp\/v2\/types\/page"}],"author":[{"embeddable":true,"href":"https:\/\/www.tkk.net.pl\/index.php\/wp-json\/wp\/v2\/users\/1"}],"replies":[{"embeddable":true,"href":"https:\/\/www.tkk.net.pl\/index.php\/wp-json\/wp\/v2\/comments?post=202"}],"version-history":[{"count":19,"href":"https:\/\/www.tkk.net.pl\/index.php\/wp-json\/wp\/v2\/pages\/202\/revisions"}],"predecessor-version":[{"id":1123,"href":"https:\/\/www.tkk.net.pl\/index.php\/wp-json\/wp\/v2\/pages\/202\/revisions\/1123"}],"wp:attachment":[{"href":"https:\/\/www.tkk.net.pl\/index.php\/wp-json\/wp\/v2\/media?parent=202"}],"curies":[{"name":"wp","href":"https:\/\/api.w.org\/{rel}","templated":true}]}}