{"id":2526,"date":"2018-06-19T06:52:06","date_gmt":"2018-06-19T06:52:06","guid":{"rendered":"https:\/\/www.tkk.net.pl\/?page_id=2526"},"modified":"2018-06-19T06:52:06","modified_gmt":"2018-06-19T06:52:06","slug":"rodo","status":"publish","type":"page","link":"https:\/\/www.tkk.net.pl\/index.php\/rodo\/","title":{"rendered":"RODO"},"content":{"rendered":"<p>Informujemy, \u017ce z dniem 25 maja 2018 r. wesz\u0142o w \u017cycie rozporz\u0105dzenie Parlamentu Europejskiego i Rady (UE) nr 2016\/679 z dnia 27 kwietnia 2016 r. w sprawie ochrony os\u00f3b fizycznych w zwi\u0105zku z przetwarzaniem danych osobowych i w sprawie swobodnego przep\u0142ywu takich danych oraz uchylenia dyrektywy 95\/46\/WE (og\u00f3lne rozporz\u0105dzenie o ochronie danych osobowych\/RODO).<\/p>\n<p>W zwi\u0105zku z tym, realizuj\u0105c obowi\u0105zki wynikaj\u0105ce z przedmiotowego aktu, prosimy o zapoznanie si\u0119 z poni\u017cszymi dokumentami:<\/p>\n<p><a href=\"https:\/\/www.tkk.net.pl\/wp-content\/uploads\/2018\/06\/klauzula_informacyjna_TKK_Telewizja.pdf\">Klauzula informacyjna o ochronie danych osobowych \u2013 Telewizja<\/a><br \/>\n<a href=\"https:\/\/www.tkk.net.pl\/wp-content\/uploads\/2018\/06\/klauzula_informacyjna_TKK_Internet.pdf\">Klauzula informacyjna o ochronie danych osobowych \u2013 Internet<\/a><br \/>\n<a href=\"https:\/\/www.tkk.net.pl\/wp-content\/uploads\/2018\/06\/klauzula_informacyjna_TKK_Internet.pdf\">Klauzula informacyjna o ochronie danych osobowych \u2013 Telefon<\/a><\/p>\n","protected":false},"excerpt":{"rendered":"<p>Informujemy, \u017ce z dniem 25 maja 2018 r. wesz\u0142o w \u017cycie rozporz\u0105dzenie Parlamentu Europejskiego i Rady (UE) nr 2016\/679 z dnia 27 kwietnia 2016 r. w sprawie ochrony os\u00f3b fizycznych w zwi\u0105zku z przetwarzaniem danych osobowych i w sprawie swobodnego przep\u0142ywu takich danych oraz uchylenia dyrektywy 95\/46\/WE (og\u00f3lne rozporz\u0105dzenie o ochronie danych osobowych\/RODO). W zwi\u0105zku [&hellip;]<\/p>\n","protected":false},"author":1,"featured_media":0,"parent":0,"menu_order":0,"comment_status":"closed","ping_status":"closed","template":"","meta":{"footnotes":""},"class_list":["post-2526","page","type-page","status-publish","hentry"],"_links":{"self":[{"href":"https:\/\/www.tkk.net.pl\/index.php\/wp-json\/wp\/v2\/pages\/2526"}],"collection":[{"href":"https:\/\/www.tkk.net.pl\/index.php\/wp-json\/wp\/v2\/pages"}],"about":[{"href":"https:\/\/www.tkk.net.pl\/index.php\/wp-json\/wp\/v2\/types\/page"}],"author":[{"embeddable":true,"href":"https:\/\/www.tkk.net.pl\/index.php\/wp-json\/wp\/v2\/users\/1"}],"replies":[{"embeddable":true,"href":"https:\/\/www.tkk.net.pl\/index.php\/wp-json\/wp\/v2\/comments?post=2526"}],"version-history":[{"count":2,"href":"https:\/\/www.tkk.net.pl\/index.php\/wp-json\/wp\/v2\/pages\/2526\/revisions"}],"predecessor-version":[{"id":3902,"href":"https:\/\/www.tkk.net.pl\/index.php\/wp-json\/wp\/v2\/pages\/2526\/revisions\/3902"}],"wp:attachment":[{"href":"https:\/\/www.tkk.net.pl\/index.php\/wp-json\/wp\/v2\/media?parent=2526"}],"curies":[{"name":"wp","href":"https:\/\/api.w.org\/{rel}","templated":true}]}}